me?
False
Suppose 0 = -18*i - 515900 + 149528. Let h = i - -28665. Is h a composite number?
False
Let r = 9590 + -5173. Is r a prime number?
False
Suppose -a - 5 = 3*i, 6*a - 2*i = 3*a + 40. Suppose -a = 2*o - 4*o + 2*g, 0 = g + 5. Suppose o = 3*v - 5792 + 389. Is v a prime number?
True
Suppose 5*b + 4*n = 21, 0*b - n + 7 = 3*b. Let k be ((-12)/(-30))/(b/1810). Suppose 0 = 5*q - k - 741. Is q a composite number?
False
Suppose -5*o - 41 = 4*h, 3*o + 5 = 4*h + 6. Is (3470/h)/((-24)/48) composite?
True
Suppose -3 = h - 2, 0 = 5*t - h - 26. Let x be 30/(-9)*(-6)/t. Suppose -u = m - 2155, 0*u = -3*u - x*m + 6467. Is u a composite number?
False
Suppose -2*u + 3*p = -417244, 7*u = 5*u + 2*p + 417244. Is u composite?
True
Is (-5)/(10/(-4))*(-2622366)/(-36) prime?
True
Let j(s) = 3*s**3 - 14*s**2 - 5*s + 21. Let m = 173 + -168. Is j(m) a composite number?
True
Let p = 254683 - 79710. Is p a composite number?
True
Suppose 12 = -2*o - 106. Let s = o - -63. Suppose -s*i + 6214 = -3230. Is i composite?
True
Suppose 2*y + 2 = 8. Suppose -y*t - 4*s + 507 = 0, -2*t + 0*t + 2*s + 352 = 0. Let p = 120 + t. Is p a composite number?
False
Suppose 5*v + 22533 = 5*s - 191007, -v = 4*s - 170827. Is s composite?
True
Let v = -61790 - -115898. Let d = v - 34273. Is d prime?
False
Suppose 11079 = 11*z - 15849. Let u = -937 + z. Is u a prime number?
True
Let o = 63 - 66. Let n(c) = 6*c + 12 + 6 - 13 + 48*c**2. Is n(o) prime?
True
Let b(a) be the second derivative of -961*a**3/2 + 7*a**2 + 78*a. Is b(-3) composite?
False
Let x(t) = -t - 34. Let q be x(-8). Let s = q + 33. Suppose s*w + 82 - 467 = 0. Is w prime?
False
Let v be 1 + 8 - 9/9. Suppose -4*m + v*m = 21000. Suppose 7*d - 1519 = m. Is d a prime number?
True
Let n(b) = 16*b**3 + 4*b**2 + 7*b - 2. Let k(p) = -16*p**3 - 3*p**2 - 8*p + 1. Let y(z) = 3*k(z) + 4*n(z). Let o be y(4). Let a = o - 680. Is a prime?
True
Suppose -4*u + 9 = -4*w - 15, 0 = 5*u - 2*w - 21. Suppose -u*o + 4*q - 1936 = 0, -2575 = o + 3*o + q. Let t = 6423 + o. Is t a prime number?
True
Suppose -c + 4 = 6. Let o(s) = -36*s**2. Let f be o(c). Let n = -61 - f. Is n a composite number?
False
Is ((-29)/(522/(-54)))/((-6)/(-16078)) a prime number?
True
Suppose a - 37257 = 5*b, -882*a + 5*b = -886*a + 149128. Is a prime?
True
Suppose -d - 26 = -30. Suppose -5*x + d*s + 17051 = 0, -x = 4*s - 1172 - 2219. Is x a prime number?
True
Let c(m) = -54*m - 13. Suppose -3*f + 3*s = 0, 8 = -4*f - 5*s + 53. Let u be c(f). Let v = u - -449. Is v prime?
False
Is (-2772273)/(-35)*(-80)/(-48) a prime number?
False
Let i = -477594 - -717625. Is i a prime number?
False
Suppose -4*x = 4*u - 16, 4*u + 3*x = -8 + 23. Suppose -u*o - 1681 = -31690. Is o prime?
False
Let t be 2605*-1*2/(-5). Suppose 65*x + 16 = 69*x + 4*n, -3*n + 6 = 0. Suppose x*u = -0*u + t. Is u composite?
False
Suppose -21*a + 17*a = -44. Suppose -6055 = 4*l - a*l. Is l a prime number?
False
Let y = 64 - 95. Let u = -33 - y. Is u*(-1 + 155/(-10)) prime?
False
Let r(q) = q**3 + 18*q**2 - 7*q - 19. Let s = -301 + 291. Is r(s) a composite number?
True
Suppose 3*f = -3*w + 304440, 2*w + 15*f - 16*f = 202975. Is w a composite number?
True
Let z(b) = 9*b**3 - 5*b**2 - 4*b + 107. Is z(6) prime?
True
Is (-1 + (-150191)/(-3))/((-564)/(-423)) a prime number?
True
Let t = -5 - -8. Suppose 13*c = t*c + 15430. Is c prime?
True
Let n be (-4)/5 - 72/(-90). Suppose 22*k - 45944 - 45114 = n. Is k a composite number?
False
Let i(q) = 12*q + 6*q**2 + 5 - 17*q + 7*q. Suppose 2*b + 3*b + 55 = 0. Is i(b) composite?
False
Let v(c) = -87*c + 34*c**2 - 28 - 4 + 96*c. Is v(11) composite?
True
Suppose 7*p = 3*p + 7868. Suppose 0 = -4*k - 5*t + p, t - 985 = 3*k - 5*k. Is k prime?
False
Is (12 + -1 - 15) + (-1 - -45648) composite?
True
Let j = 430513 + -237368. Is j composite?
True
Is ((-662)/4)/(2799/(-558) - -5) a composite number?
True
Suppose 0 = 3*x - 5*c - 2231006, -6537*c + 6539*c = 2*x - 1487328. Is x composite?
False
Suppose -r = 4*g - 342167, 3*g - 118145 = r + 138475. Is g a prime number?
False
Let t be (-8 - -8)/(2/1) - 0. Let v(f) = -11*f - 3639. Let d(b) = -6*b - 1819. Let a(g) = 7*d(g) - 4*v(g). Is a(t) composite?
False
Let l(z) = -z**3 + 6*z**2 + 22*z + 48. Let x be l(9). Is (-178311)/245*(-25)/x composite?
True
Is 47*(-25525)/(-100)*(1 - -3) composite?
True
Let c(v) be the first derivative of 16*v**4 + 2*v**3/3 + 11*v**2/2 - 2*v - 15. Is c(3) a prime number?
True
Is -12*23/69 + 462353 a prime number?
False
Suppose -a = -3*n + 75167, 66*n - 67*n + 25037 = -5*a. Is n a composite number?
False
Let p(x) be the third derivative of 0*x + 0 - 13*x**2 + 3/10*x**5 + 23/6*x**3 + 0*x**4. Is p(9) composite?
False
Suppose 3*t + 2*t + 2*k = 68754, t = -5*k + 13760. Suppose -3*n + 5*p + 2033 + 8273 = 0, 4*n = -2*p + t. Is n a composite number?
True
Let u be 420/56*(-368)/6. Let q = 2111 + u. Is q composite?
True
Let b(w) = 709*w + 47. Is b(26) prime?
True
Is (-3 + -2 - 130/(-13)) + 104598 a prime number?
False
Let y be ((-15)/(-9))/(8/24). Suppose y*x - 2*x + 4*t = 4955, -3*t - 3326 = -2*x. Is x a prime number?
True
Let c = 85 - 93. Is c*9/(-108)*53634/4 a composite number?
True
Suppose -631*f + 624*f = -729407. Is f prime?
False
Let b(h) = -42 - 226*h + 43*h - 89. Is b(-8) composite?
True
Let h = 4382170 + -1882619. Is h prime?
True
Suppose -9*l = -117 + 9. Suppose -l*q + 8881 = -11147. Is q composite?
False
Suppose 24104 + 3709 = 3*d. Is d a prime number?
False
Let j(s) = 21*s**2 - 5*s + 7. Let k(c) = c**2 + 4*c - 7. Let f be k(-4). Let g be j(f). Suppose 4*r - g - 5477 = 0. Is r composite?
False
Let j be 2/5 - 26/65. Suppose j*h - 12 = 4*h, 3*h = -5*g + 2101. Suppose -g = -0*a - 2*a. Is a prime?
True
Let o be -4 - (4/28 - (-409950)/35). Let u = 24228 + o. Is u composite?
False
Let q(s) = 2*s + 16. Let r be q(-6). Suppose -2*n - 59 + 877 = -r*b, -2045 = -5*n + b. Is n a composite number?
False
Let r = 1 + 4. Suppose -p + 292 = -w + 2*w, r*p = -25. Let q = w - 84. Is q composite?
True
Suppose 5*i = -2*h + 26093, -6*i - 5*h = -2*i - 20888. Suppose 5219 + i = 4*t. Is t prime?
True
Suppose -5*r + 4*r = 957. Let f = r + 580. Let i = f - -670. Is i a composite number?
False
Suppose 3*t + 2*t - 102 = -2*h, -5*t + 184 = 4*h. Let w = h + -47. Is 288 + (-3)/w*-2 composite?
True
Let k = -531176 - -835693. Is k composite?
False
Let o = -124873 - -1351074. Is o a prime number?
False
Let b(i) = -6*i + 43. Let d(r) = 7*r - 43. Let j(h) = -4*b(h) - 3*d(h). Let z be j(15). Suppose -6 = z*w + w, 4662 = 2*x + 2*w. Is x a prime number?
True
Let d(y) = 573*y**2 - 12*y + 188. Is d(7) a composite number?
False
Let y(z) be the third derivative of 107*z**4/24 + z**3/2 + 9*z**2 - 5. Suppose 0 = -4*m - m + 10. Is y(m) a composite number?
True
Let j(d) be the second derivative of 3*d**4/4 - d**3/6 - 11*d**2/2 + 8*d + 2. Is j(9) a composite number?
False
Let x(z) = 65*z**2 + 3. Let y be x(-3). Let w be (1104/(-20))/(8/(-10)). Suppose -r - w = -y. Is r composite?
True
Let k(g) = 22*g**2 - 48*g + 103. Is k(-42) a prime number?
True
Suppose 0 = 41*h - 37*h - 60. Let g(w) = w**3 - 13*w**2 + 25*w + 21. Let j be g(h). Suppose 5*y = -s + 834, 0 = 8*y - 3*y + 4*s - j. Is y composite?
True
Let s(d) = -53690*d - 3807. Is s(-19) composite?
False
Suppose -1150 - 1260 = -10*i. Let w = i - -4168. Is w a prime number?
True
Let v(y) = -y**2 + 21*y - 13. Let u be v(20). Suppose 4*x + 2*g = 48, -3*x - 4*g - u = -43. Is ((-1027)/52)/((-1)/x) composite?
True
Suppose -q + 6 = 2. Suppose -31*o + 48*o = 102. Is q/o*267/2 a prime number?
True
Let x(g) = g + 1. Let q(j) = 7*j - 22. Let m(o) = -q(o) + 5*x(o). Let z be m(14). Is 1/(z + 1008/1004) a composite number?
False
Let a be (1 - -1) + 10/5. Suppose w - 2*g - g = 18406, -73660 = -a*w + 3*g. Is (-6)/48 + w/16 a composite number?
False
Let f be 4 + (-117)/27 + 5/(-3). Is (-1)/2*(-2 - f) + 7669 a composite number?
False
Let x be (-20)/(-4)*(-2 + 3). Let u(d) = 58*d - 37. Is u(x) a prime number?
False
Suppose 4 = 2*t, -16*t = -w - 17*t + 141. Let j(z) = 753*z - 7. Let r be j(5). Suppose -w = -3*b + r. Is b prime?
False
Let t = 6821 - -29162. Is t composite?
False
Let t = -281704 + 574313. Is t a prime number?
False
Suppose -6*i + 1605410 = -218392. Is i prime?
False
Suppose 0*h = -2*t + 2*h + 4, 0 = -3*h - 3. Let l(f) = -5 + 28